{"id":807,"date":"2017-11-22T21:58:11","date_gmt":"2017-11-22T20:58:11","guid":{"rendered":"http:\/\/www.hhtec.eu\/hammer\/?page_id=807"},"modified":"2017-11-26T13:49:43","modified_gmt":"2017-11-26T12:49:43","slug":"historie-nb320x","status":"publish","type":"page","link":"https:\/\/www.hhtec.eu\/hammer\/cs\/historie-nb320x\/","title":{"rendered":"Historie (NB)"},"content":{"rendered":"<p style=\"text-align: justify;\">P\u0159i v\u00fdvoji m\u011b\u0159idla <em><strong>HammeHead HH<\/strong><\/em>\u00a0 byly vyu\u017eity dobr\u00e9 zku\u0161enosti tv\u016frc\u016f z n\u00e1vrhu, v\u00fdroby a provozu m\u011b\u0159idel TESLA NB3201 a TESLA NB3202.<\/p>\n<p style=\"text-align: justify;\"><em><strong>HammeHead HH<\/strong><\/em>\u00a0 je genera\u010dn\u00ed n\u00e1hradou t\u011bchto m\u011b\u0159idel, p\u0159evy\u0161uje je v\u0161ak sv\u00fdmi fyzik\u00e1ln\u00edmi i technick\u00fdmi parametry.<\/p>\n<p><a href=\"https:\/\/i2.wp.com\/www.hhtec.eu\/wp-content\/uploads\/NB3201.jpg\"><img loading=\"lazy\" class=\"wp-image-809 size-medium alignnone\" src=\"https:\/\/i2.wp.com\/www.hhtec.eu\/wp-content\/uploads\/NB3201.jpg?resize=232%2C300\" alt=\"\" width=\"232\" height=\"300\" srcset=\"https:\/\/i2.wp.com\/www.hhtec.eu\/wp-content\/uploads\/NB3201.jpg?resize=232%2C300&amp;ssl=1 232w, https:\/\/i2.wp.com\/www.hhtec.eu\/wp-content\/uploads\/NB3201.jpg?resize=116%2C150&amp;ssl=1 116w, https:\/\/i2.wp.com\/www.hhtec.eu\/wp-content\/uploads\/NB3201.jpg?w=746&amp;ssl=1 746w\" sizes=\"(max-width: 232px) 100vw, 232px\" data-recalc-dims=\"1\" \/><\/a>\u00a0<a href=\"https:\/\/i2.wp.com\/www.hhtec.eu\/wp-content\/uploads\/NB3202.jpg\"><img loading=\"lazy\" class=\"wp-image-810 size-medium alignnone\" src=\"https:\/\/i2.wp.com\/www.hhtec.eu\/wp-content\/uploads\/NB3202.jpg?resize=221%2C300\" alt=\"\" width=\"221\" height=\"300\" srcset=\"https:\/\/i2.wp.com\/www.hhtec.eu\/wp-content\/uploads\/NB3202.jpg?resize=221%2C300&amp;ssl=1 221w, https:\/\/i2.wp.com\/www.hhtec.eu\/wp-content\/uploads\/NB3202.jpg?resize=110%2C150&amp;ssl=1 110w, https:\/\/i2.wp.com\/www.hhtec.eu\/wp-content\/uploads\/NB3202.jpg?resize=768%2C1043&amp;ssl=1 768w, https:\/\/i2.wp.com\/www.hhtec.eu\/wp-content\/uploads\/NB3202.jpg?resize=754%2C1024&amp;ssl=1 754w, https:\/\/i2.wp.com\/www.hhtec.eu\/wp-content\/uploads\/NB3202.jpg?w=781&amp;ssl=1 781w\" sizes=\"(max-width: 221px) 100vw, 221px\" data-recalc-dims=\"1\" \/><\/a><\/p>\n","protected":false},"excerpt":{"rendered":"<p>P\u0159i v\u00fdvoji m\u011b\u0159idla HammeHead HH\u00a0 byly vyu\u017eity dobr\u00e9 zku\u0161enosti tv\u016frc\u016f z n\u00e1vrhu, v\u00fdroby a provozu m\u011b\u0159idel TESLA NB3201 a TESLA NB3202. HammeHead HH\u00a0 je genera\u010dn\u00ed n\u00e1hradou t\u011bchto m\u011b\u0159idel, p\u0159evy\u0161uje je v\u0161ak sv\u00fdmi fyzik\u00e1ln\u00edmi i technick\u00fdmi parametry. \u00a0<\/p>\n","protected":false},"author":1,"featured_media":0,"parent":0,"menu_order":0,"comment_status":"closed","ping_status":"closed","template":"","meta":{"spay_email":""},"jetpack_sharing_enabled":true,"jetpack_shortlink":"https:\/\/wp.me\/P7T0YT-d1","_links":{"self":[{"href":"https:\/\/www.hhtec.eu\/hammer\/wp-json\/wp\/v2\/pages\/807"}],"collection":[{"href":"https:\/\/www.hhtec.eu\/hammer\/wp-json\/wp\/v2\/pages"}],"about":[{"href":"https:\/\/www.hhtec.eu\/hammer\/wp-json\/wp\/v2\/types\/page"}],"author":[{"embeddable":true,"href":"https:\/\/www.hhtec.eu\/hammer\/wp-json\/wp\/v2\/users\/1"}],"replies":[{"embeddable":true,"href":"https:\/\/www.hhtec.eu\/hammer\/wp-json\/wp\/v2\/comments?post=807"}],"version-history":[{"count":5,"href":"https:\/\/www.hhtec.eu\/hammer\/wp-json\/wp\/v2\/pages\/807\/revisions"}],"predecessor-version":[{"id":847,"href":"https:\/\/www.hhtec.eu\/hammer\/wp-json\/wp\/v2\/pages\/807\/revisions\/847"}],"wp:attachment":[{"href":"https:\/\/www.hhtec.eu\/hammer\/wp-json\/wp\/v2\/media?parent=807"}],"curies":[{"name":"wp","href":"https:\/\/api.w.org\/{rel}","templated":true}]}}